s 5387 a composite number?
False
Is 14143 a composite number?
False
Is 30963 composite?
True
Is 68039 prime?
False
Is 1096786 a prime number?
False
Is 100277 composite?
True
Is 292073 prime?
False
Is 415561 composite?
True
Is 869579 a prime number?
True
Is 47039 a composite number?
True
Is 2001334 a composite number?
True
Is 30533 composite?
True
Is 2295253 a composite number?
False
Is 12049 a prime number?
True
Is 2461 a prime number?
False
Is 410617 prime?
True
Is 564551 prime?
False
Is 117641 a prime number?
False
Is 35729 prime?
True
Is 147029 prime?
True
Is 2333 composite?
False
Is 208037 a composite number?
False
Is 89069 composite?
False
Is 123341 a composite number?
False
Is 7957 a prime number?
False
Is 8977 a composite number?
True
Is 842621 prime?
False
Is 13683 composite?
True
Is 14687 a prime number?
False
Is 30823 composite?
True
Is 20059 a prime number?
False
Is 2643607 a composite number?
False
Is 59198 a composite number?
True
Is 12715 prime?
False
Is 41991 composite?
True
Is 201 composite?
True
Is 2155 a prime number?
False
Is 181549 a prime number?
True
Is 662867 prime?
True
Is 26459 prime?
True
Is 618991 a prime number?
True
Is 1469287 prime?
True
Is 51941 prime?
True
Is 479419 composite?
False
Is 14401 composite?
False
Is 1234631 composite?
True
Is 142663 prime?
False
Is 1409513 composite?
True
Is 172049 composite?
False
Is 275953 a prime number?
False
Is 6673 composite?
False
Is 31118 a prime number?
False
Is 11213 prime?
True
Is 57089 a composite number?
False
Is 248749 composite?
False
Is 415489 prime?
True
Is 115027 prime?
False
Is 30907 a composite number?
True
Is 45757 prime?
True
Is 11821 a prime number?
True
Is 563543 a composite number?
False
Is 5269 a composite number?
True
Is 73265 composite?
True
Is 122651 a composite number?
False
Is 37641 prime?
False
Is 507823 a composite number?
True
Is 13129 prime?
False
Is 36973 composite?
False
Is 5953 a prime number?
True
Is 1450415 composite?
True
Is 9059 a prime number?
True
Is 471 composite?
True
Is 808933 composite?
True
Is 122789 a composite number?
False
Is 26591 a prime number?
True
Is 4229 composite?
False
Is 17609 a composite number?
False
Is 248701 a composite number?
False
Is 6401 composite?
True
Is 108833 a prime number?
False
Is 261871 a composite number?
True
Is 157721 a composite number?
False
Is 337783 a composite number?
True
Is 1837763 a prime number?
True
Is 180899 composite?
True
Is 3739 a prime number?
True
Is 37483 prime?
True
Is 4330127 composite?
False
Is 64433 composite?
False
Is 31033 composite?
False
Is 311407 prime?
True
Is 642017 a prime number?
False
Is 17077 a prime number?
True
Is 86297 a prime number?
True
Is 208627 a composite number?
False
Is 67985 composite?
True
Is 638743 prime?
False
Is 1019687 a composite number?
False
Is 368395 prime?
False
Is 149581 prime?
False
Is 138109 a prime number?
False
Is 741373 composite?
False
Is 18087 prime?
False
Is 10128803 composite?
False
Is 13263 a composite number?
True
Is 47981 a composite number?
False
Is 127529 prime?
True
Is 4009 composite?
True
Is 188249 a prime number?
True
Is 1223087 prime?
False
Is 242147 prime?
True
Is 243833 prime?
False
Is 155481 composite?
True
Is 1437 a prime number?
False
Is 147703 prime?
True
Is 15278 prime?
False
Is 21259 prime?
False
Is 693397 prime?
True
Is 8818 prime?
False
Is 12743 prime?
True
Is 4853 a prime number?
False
Is 14969 composite?
False
Is 1315 a prime number?
False
Is 18527 a prime number?
False
Is 132323 composite?
True
Is 10007 a prime number?
True
Is 14243 a prime number?
True
Is 12319 prime?
False
Is 69851 a composite number?
True
Is 3661 a prime number?
False
Is 41079 composite?
True
Is 24277 composite?
True
Is 18695 a prime number?
False
Is 18559 composite?
True
Is 1186199 composite?
True
Is 2321 a composite number?
True
Is 13969 a prime number?
False
Is 182999 a prime number?
True
Is 5161 prime?
False
Is 821 a prime number?
True
Is 167831 composite?
True
Is 7403 a prime number?
False
Is 70159 prime?
False
Is 6047 composite?
False
Is 2942 a prime number?
False
Is 20157 a composite number?
True
Is 20887 a composite number?
False
Is 80737 a prime number?
True
Is 31637 a composite number?
True
Is 1119 composite?
True
Is 4 a prime number?
False
Is 1911149 composite?
False
Is 12197 prime?
True
Is 2331139 a prime number?
True
Is 4393 a composite number?
True
Is 2579 composite?
False
Is 355 a prime number?
False
Is 2088939 a prime number?
False
Is 207941 a composite number?
False
Is 2863243 a composite number?
True
Is 20103 a composite number?
True
Is 15817 prime?
True
Is 284857 a composite number?
False
Is 818423 a prime number?
False
Is 31357 a composite number?
False
Is 3049 prime?
True
Is 182463 a composite number?
True
Is 834871 composite?
True
Is 2321 prime?
False
Is 28115 a composite number?
True
Is 589165 prime?
False
Is 108581 a composite number?
True
Is 352661 composite?
False
Is 452671 composite?
False
Is 487 a composite number?
False
Is 1610699 a composite number?
True
Is 71215 a composite number?
True
Is 331066 a prime number?
False
Is 4529 a prime number?
False
Is 1586309 prime?
True
Is 53651 a prime number?
False
Is 1096039 composite?
True
Is 21169 prime?
True
Is 73163 a prime number?
False
Is 139571 composite?
False
Is 131 prime?
True
Is 363445 a prime number?
False
Is 1901857 a prime number?
True
Is 24733 prime?
True
Is 211745 prime?
False
Is 18035 a composite number?
True
Is 595333 prime?
True
Is 18895 a prime number?
False
Is 1453479 a prime number?
False
Is 50257 composite?
True
Is 3943 a composite number?
False
Is 2017 a prime number?
True
Is 783077 a composite number?
False
Is 197339 composite?
False
Is 287733 prime?
False
Is 17237 prime?
False
Is 68207 a composite number?
False
Is 24835 prime?
False
Is 96319 a prime number?
False
Is 236347 prime?
False
Is 106127 a prime number?
False
Is 16291 a prime number?
False
Is 183611 composite?
False
Is 2993201 a prime number?
False
Is 15947 composite?
True
Is 11995 a prime number?
False
Is 38177 composite?
False
Is 177611 prime?
False
Is 406739 composite?
False
Is 1655 prime?
False
Is 11311 prime?
True
Is 16787 prime?
True
Is 15547 a composite number?
True
Is 122547 a prime number?
False
Is 16817 composite?
True
Is 38527 a prime number?
False
Is 525023 prime?
False
Is 34313 prime?
True
Is 35078 a prime number?
False
Is 48199 a composite number?
True
Is 18883 a prime number?
False
Is 3007 a prime number?
False
Is 21427 a prime number?
False
Is 209597 a prime number?
True
Is 51503 a composite number?
False
Is 6119 composite?
True
Is 1538 a composite number?
True
Is 11819 prime?
False
Is 53141 prime?
False
Is 79579 a prime number?
True
Is 6353 a composite number?
False
Is 10221 a composite number?
True
Is 60397 composite?
False
Is 2216229 a prime number?
False
Is 576071 prime?
False
Is 8497 composite?
True
Is 370343 a composite number?
True
Is 100103 composite?
False
Is 1543 prime?
True
Is 8501 a composite number?
False
Is 47423 prime?
False
Is 53177 prime?
False
Is 293311 prime?
True
Is 143 composite?
True
Is 119353 prime?
False
Is 57235 a composite number?
True
Is 1342321 prime?
False
Is 349346 prime?
False
Is 174697 composite?
True
Is 1069 a composite number?
False
Is 2473 a prime number?
True
Is 6547 prime?
True
Is 744631 a prime number?
False
Is 73279 composite?
True
Is 126961 a composite number?
False
Is 2539 composite?
False
Is 82699 a prime number?
True
Is 869 a prime number?
False
Is 1759 a composite number?
False
Is 4642733 a composite number?
False
Is 15259 a prime number?
True
Is 57635 prime?
False
Is 52361 a composite number?
False
Is 20161 composite?
False
Is 19739 a composite number?
False
Is 3566 a composite number?
True
Is 653083 a prime number?
True
Is 3047 a prime number?
False
Is 1252205 prime?
False
Is 2733139 composite?
True
Is 355 prime?
False
Is 70255 composite?
True
Is 1356371 a prime number?
True
Is 43867 composite?
False
Is 1669 a prime number?
True
Is 7274 composite?
True
Is 17617 a composite number?
True
Is 26077 prime?
False
Is 37307 a prime number?
True
Is 20411 composite?
False
Is 74371 a composite number?
True
Is 517817 a prime number?
True
Is 40897 a composite number?
False
Is 4201 composite?
False
Is 83149 a prime number?
False
Is 799 a prime numbe